rime factors of n?
3, 17, 19
Let h = -646 + 647. List the prime factors of (-39872)/(-63) - (h + (-40)/36).
3, 211
Let r(k) = 3*k**3 - 13 - 6*k**3 + 4*k**3 - 5*k**2. Let x be 4/38 + (-4928)/(-836). What are the prime factors of r(x)?
23
Suppose -a - 3 = 0, 7*j - 4*a = 210311 + 42947. List the prime factors of j.
2, 18089
Let r be -5*108/8*10/(-25). Suppose r*h - 20*h - 1267 = 0. What are the prime factors of h?
181
Let u(c) = c**2 + 3*c + 13. Let i be u(-7). Suppose 15 = -2*v + i. List the prime factors of 3/(-4)*(v - 225).
3, 53
Let f(o) = 25 + o + 33 + 0*o. List the prime factors of f(-12).
2, 23
Let s be 286/(-18) - (-2)/(-18). Let c(u) = u**2 + 14*u - 28. Let i be c(s). Suppose n - 136 - 40 = -3*w, 3*n + 239 = i*w. List the prime factors of w.
59
Let k = -10 - 1. Let g = 195 - k. Let v = 394 - g. What are the prime factors of v?
2, 47
Suppose -951*y + 6619773 = -35042586. List the prime factors of y.
3, 17, 859
Suppose 4*k = -3*f + 8*f - 76248, -4*k = -4*f + 60996. List the prime factors of f.
2, 3, 31, 41
Suppose 6 - 11 = 5*f. Let q be -102 + f*(0 - -3). Let o = 165 + q. What are the prime factors of o?
2, 3, 5
Suppose 0 = -5*q + 3*o + 49, 0*q - 32 = -4*q + 6*o. Suppose 7*c + 440 = q*c. List the prime factors of c.
2, 5, 11
Let i = 986 - 366. What are the prime factors of i?
2, 5, 31
Let y(v) be the third derivative of 7/8*v**4 - 24*v**2 + 0 + 0*v + 5/2*v**3. What are the prime factors of y(4)?
3, 11
Let m be (-548)/(-3) + 6/(-9). Suppose 34*v - 4032 = -22*v. Let u = m - v. What are the prime factors of u?
2, 5, 11
Suppose 0 = -5*g - 6*b + 20701 + 177102, 0 = 5*g - 5*b - 197825. List the prime factors of g.
39563
Let x(l) be the first derivative of 1/3*l**3 - 16 + l**2 + 15*l. List the prime factors of x(6).
3, 7
Suppose 4*r = -5*q + 212694, 4*q - 32*r + 36*r - 170160 = 0. What are the prime factors of q?
2, 3, 17, 139
Suppose -119*s + 115*s - 4*h = -16240, 3*s + 2*h = 12178. What are the prime factors of s?
2, 2029
Let z = 2151 - 2154. Let g(a) = a**3 + 7*a**2 + 6*a - 8. Let i be g(-6). What are the prime factors of (-2)/z*-91*12/i?
7, 13
List the prime factors of ((3156839/318)/127)/(2/1308).
7, 67, 109
Let q(d) = d**2 + 19*d + 102. Let i be q(-12). Suppose -9669 = -29*g + i*g. List the prime factors of g.
3, 293
Let g = -49 + 54. List the prime factors of -3 - ((-1610)/1)/g.
11, 29
Let s = -80 - -84. Suppose -1292 = -2*z - 2*z - 4*o, s*o = 3*z - 941. What are the prime factors of z?
11, 29
Suppose -318424 - 1175240 = -160*v - 244544. List the prime factors of v.
37, 211
Let d(j) = -36*j**3 - 25*j**2 - 4*j + 347. List the prime factors of d(-10).
7, 47, 103
Let r(a) = -23*a - 20*a**2 - 10 - 2 + 3 + 3*a**2 - a**3 + 2*a. What are the prime factors of r(-19)?
2, 139
Let u = 81 + -216. List the prime factors of (u/(-6))/(6/132).
3, 5, 11
Suppose -8*c - 42126 = -w, 3*w - 3*c - 83538 - 42987 = 0. List the prime factors of w.
2, 7, 23, 131
Let k(a) = 1. Let q(m) = 2*m**2 + 37*m + 21. Let t(h) = 3*k(h) + q(h). Let d be t(-18). Suppose -328 = -d*x + 134. What are the prime factors of x?
7, 11
Let t be -10 + (12 - 6) + 6. Suppose -206 - 879 = -3*d + r, 2*d - 726 = t*r. List the prime factors of d.
19
Let i be (2/4)/(4 - (-34)/(-8)). Let w be -18 + 19 - (-1524 + (-1 - i)). What are the prime factors of 1/3 - 0 - w/(-18)?
5, 17
Let i(k) = k**2 + 3*k - 2. Let c be i(1). Suppose -5*m + 3*b + 1158 = 5*b, 480 = c*m + 5*b. List the prime factors of m.
2, 5, 23
Suppose -z = -5*z + d - 6145, 3062 = -2*z + 4*d. Let y = -1021 - z. What are the prime factors of y?
2, 3, 43
Let o = -1620 + 3046. Suppose -4*j = -2*x - o, -3*x = -0*x - 15. List the prime factors of j.
359
Let h = 24017 + -22820. What are the prime factors of h?
3, 7, 19
Let o(n) = -35*n - 171. Let p be o(-5). Suppose z - p*b - 3115 = -4*z, 0 = 3*z + 5*b - 1832. List the prime factors of z.
619
Suppose 241*n - 425157 = 873833. What are the prime factors of n?
2, 5, 7, 11
Suppose -o - 2*x - 62 = 2*o, 5*o = x - 99. What are the prime factors of (-16)/o - 7624/(-20)?
2, 191
Suppose k = 13*k - 684. Let q = k + -56. What are the prime factors of 225/(-60)*(-19 - q)?
3, 5
Let b = -48 + 49. Let m be 10/20*b*194. Let s = m - 28. List the prime factors of s.
3, 23
Let i = 67 - 115. Let w = i + 202. What are the prime factors of (21/(-2))/((-21)/w)?
7, 11
Suppose l - 5*g + 10 - 60 = 0, 5*g + 10 = 0. Let s = l - 43. What are the prime factors of (-8)/(-30)*s*-85?
2, 17
What are the prime factors of 4565 + 153 - (-14)/(-1)?
2, 3, 7
Let h be 0/(1 + 3) + 2 - -3. Suppose -h*b = 2*t - 39, 4*b + 0*b - 5*t - 51 = 0. List the prime factors of (b/(-2))/(4/(-16)*3).
2, 3
What are the prime factors of 1864*(-4)/((-152)/209)?
2, 11, 233
Let d(m) = -m**2 - 38*m - 316. Let a be d(-22). Suppose 2*b - q = 35, 0*b - 5*b + 86 = -3*q. Let k = b + a. List the prime factors of k.
5, 11
Suppose 0 = -k - 3, 3*u - 3*k - 2434 = 2858. List the prime factors of u.
3, 587
Let b = -93086 + 165672. List the prime factors of b.
2, 36293
Let g = 1036 + -365. Let c = g + -234. List the prime factors of c.
19, 23
Let z(b) = 21*b**3 - 17*b**2 + 13*b + 26. What are the prime factors of z(13)?
13, 3343
Let i(a) = -137*a - 101. Let k = 288 + -292. List the prime factors of i(k).
3, 149
Suppose 0 = -21*n + 24*n - 111. Let p = -35 + n. List the prime factors of (3 - p)/((-3)/(-66)).
2, 11
Suppose 2*i + 7 = -2*m + 35, 2*i - 2*m - 40 = 0. Let h(u) = 17*u - 28. List the prime factors of h(i).
3, 29
Suppose 0 = 10*y - 7597 + 1197. Let l = y + -277. List the prime factors of l.
3, 11
Suppose -3*f = -5*l - 42784, 5*l + 13771 = 2*f - 14750. List the prime factors of f.
17, 839
Let i be (34/8 + 0)*4. Let j = -554 - -561. Suppose i = 3*c - j. List the prime factors of c.
2
Suppose -3 = -y - 0*y. Let k = 182 + -179. Suppose -3*l + x + 276 = -y*x, 4*l = k*x + 368. What are the prime factors of l?
2, 23
Suppose -4*y + 23386 = 18*y. List the prime factors of y.
1063
Suppose -572*g + 571*g - 6 = 0. List the prime factors of ((-19680)/36)/(g/9).
2, 5, 41
Let t = 4935 - 3209. Suppose -15*x + t = -554. List the prime factors of x.
2, 19
Let y = -8 + 13. Suppose u = 3*a - 1314, 4*u = y*a - 509 - 1674. List the prime factors of a.
439
Suppose 5*r + 5*n + 35 = 0, -4*n + 28 = 7*r - 10*r. Let d be (-41)/(-3) + r/(-24). Suppose 19*g - d*g - 580 = 0. What are the prime factors of g?
2, 29
Let d(p) = 24*p + 75. Let q be d(-9). Let g = q - -267. List the prime factors of g.
2, 3, 7
Let c be -4*(2 + -1) + 2. Let f be c + (-196)/(-16) - (-3)/(-12). Suppose 0 = f*n - 166 - 454. What are the prime factors of n?
2, 31
Let f(j) = -225*j + 80. Let v be f(-10). Suppose 0 = -8*i + v + 1974. What are the prime factors of i?
2, 269
Suppose 0 = -3*q - 14 + 2, 3*q = 3*m - 19905. Suppose 14*i - m = 89. What are the prime factors of i?
2, 3, 5
Suppose 5981*l - 205325 = 5938*l. List the prime factors of l.
5, 191
Suppose -7307 = -4*z + 8041. List the prime factors of z/5 - (-58)/(-145) - 2.
3, 5, 17
Suppose 62*w - 25*w = 281126. What are the prime factors of w?
2, 29, 131
Suppose 26 = 14*y - y. Suppose 2*n = 3*k + 1197, k - 888 = -y*n + 313. What are the prime factors of n?
2, 3, 5
Suppose 3*t - 2*z - 68445 = 0, -4*z = -2*t + 25699 + 19939. What are the prime factors of t?
7, 3259
Let l(z) = 28*z + 45. Suppose 30 = 3*k - 2*f - 3, -3*k + 5*f + 42 = 0. What are the prime factors of l(k)?
3, 11
Let l be 2/15 + (-36)/270. Suppose -4*f - 254 = 2*g - 1038, l = -4*f - 16. List the prime factors of g.
2, 5
Let f(v) = 23*v**2 - 113*v + 2531. What are the prime factors of f(56)?
3, 22777
Suppose -5*l - l = -300. Let i = 30 - l. List the prime factors of (-1652)/i - (-2)/5.
83
Suppose 0 = -2*f - 28 + 10, -22329 = -6*i + 5*f. List the prime factors of i.
2, 3, 619
Suppose 9 = 5*m + 4, a = -5*m + 881. What are the prime factors of a?
2, 3, 73
Let t(y) = 878*y**2 + 27*y - 90. List the prime factors of t(3).
3, 877
Let f be ((-1)/(-1)*-14)/((-4)/6). Let s = 33 - f. Suppose -s*h + 1080 = -2*h. List the prime factors of h.
2, 3
Suppose 3*z + 909 - 51 = 0. Let f(l) = l**3 - 11*l**2 + 3*l + 6. Let k be f(-5). Let b = z - k. List the prime factors of b.
3, 41
Suppose 0 = 3*l + 4*u - 95, 110 = -4*l + 8*l + 2*u. Suppose -4*k = 7*x - 4*x + 20, l = x - 5*k. What are the prime factors of (x - 4)*(-1 + 0)?
